factors of 1250523409?
23, 54370583
What are the prime factors of 201461328?
2, 3, 1399037
What are the prime factors of 77884997?
43, 907, 1997
What are the prime factors of 5059074?
2, 3, 843179
List the prime factors of 91216786.
2, 45608393
List the prime factors of 2198960438.
2, 17, 29, 449, 4967
What are the prime factors of 391898549?
7, 47, 769, 1549
What are the prime factors of 189379666?
2, 7, 73, 185303
What are the prime factors of 1766242656?
2, 3, 37, 83, 1997
What are the prime factors of 4090215775?
5, 163608631
What are the prime factors of 54311331?
3, 139, 937
List the prime factors of 1047750448.
2, 65484403
List the prime factors of 12951906.
2, 3, 11, 311, 631
What are the prime factors of 31282650?
2, 3, 5, 7, 9931
What are the prime factors of 1014933167?
17, 23, 2595737
List the prime factors of 236821653.
3, 3253, 8089
List the prime factors of 13142995.
5, 2628599
What are the prime factors of 56986724?
2, 97, 193, 761
What are the prime factors of 167324062?
2, 1361, 61471
What are the prime factors of 340860753?
3, 2437, 15541
List the prime factors of 317756301.
3, 105918767
What are the prime factors of 34235082?
2, 3, 7, 41, 47
List the prime factors of 3814845225.
3, 5, 37, 1374719
List the prime factors of 18702359.
13, 1438643
List the prime factors of 2480352170.
2, 5, 1697, 146161
What are the prime factors of 41606546?
2, 101, 281, 733
List the prime factors of 155293307.
13, 337, 35447
What are the prime factors of 293245857?
3, 149, 218677
What are the prime factors of 125538703?
125538703
List the prime factors of 17739707.
59, 300673
List the prime factors of 1942836223.
839, 2315657
What are the prime factors of 1435184013?
3, 17, 28140863
What are the prime factors of 1624611394?
2, 7, 23, 599, 8423
List the prime factors of 5744345883.
3, 17, 1723, 65371
What are the prime factors of 2043355244?
2, 7, 223, 327251
List the prime factors of 47814370.
2, 5, 17, 137, 2053
What are the prime factors of 372346439?
19, 19597181
What are the prime factors of 119458506?
2, 3, 199, 100049
List the prime factors of 133285950.
2, 3, 5, 7, 17, 19, 131
What are the prime factors of 81322396?
2, 443, 45893
List the prime factors of 548315657.
449, 1221193
What are the prime factors of 373981864?
2, 19, 2460407
List the prime factors of 677171345.
5, 67, 293, 6899
What are the prime factors of 257734614?
2, 3, 42955769
What are the prime factors of 64164810?
2, 3, 5, 73, 83, 353
List the prime factors of 273407403.
3, 8053, 11317
What are the prime factors of 120141760?
2, 5, 375443
List the prime factors of 23103876.
2, 3, 1925323
What are the prime factors of 1408450207?
257, 661, 8291
What are the prime factors of 60831448?
2, 7603931
List the prime factors of 791623767.
3, 11, 4079, 5881
List the prime factors of 3535340053.
7, 72149797
What are the prime factors of 30085226?
2, 41, 193, 1901
What are the prime factors of 45847704?
2, 3, 7, 272903
List the prime factors of 40996876.
2, 2393, 4283
List the prime factors of 108699800.
2, 5, 11, 49409
What are the prime factors of 38338317?
3, 61, 69833
List the prime factors of 529327405.
5, 23, 4602847
List the prime factors of 223610314.
2, 37, 3021761
List the prime factors of 16142715.
3, 5, 358727
What are the prime factors of 187867598?
2, 67, 809, 1733
What are the prime factors of 52633996?
2, 41, 320939
List the prime factors of 315153394.
2, 67, 2351891
What are the prime factors of 1153381441?
1699, 678859
What are the prime factors of 4804479?
3, 533831
What are the prime factors of 16460222?
2, 661, 12451
List the prime factors of 32455684.
2, 2311, 3511
What are the prime factors of 25432368?
2, 3, 13, 53, 769
List the prime factors of 1612171528.
2, 11, 127, 144253
List the prime factors of 38760174.
2, 3, 503, 1427
List the prime factors of 156522715.
5, 29, 37223
List the prime factors of 56241590.
2, 5, 409, 13751
List the prime factors of 3027372821.
11, 1481, 185831
List the prime factors of 524757063.
3, 174919021
List the prime factors of 2788396.
2, 13, 53623
What are the prime factors of 717737011?
23, 31205957
List the prime factors of 63577640.
2, 5, 7, 67, 3389
What are the prime factors of 1807927616?
2, 11, 2568079
List the prime factors of 14216881.
7, 467, 4349
List the prime factors of 452200214.
2, 226100107
What are the prime factors of 31930946?
2, 23, 733, 947
What are the prime factors of 3559427303?
3559427303
What are the prime factors of 2947036019?
2947036019
What are the prime factors of 2528193480?
2, 3, 5, 499, 42221
List the prime factors of 1229108486.
2, 614554243
What are the prime factors of 100272817?
17, 31, 190271
List the prime factors of 10169157.
3, 3389719
List the prime factors of 82196754.
2, 3, 13699459
What are the prime factors of 482525556?
2, 3, 23, 41, 42641
What are the prime factors of 322936803?
3, 7, 732283
List the prime factors of 511808834.
2, 17, 23, 59, 11093
List the prime factors of 193683716.
2, 48420929
List the prime factors of 887915569.
3323, 267203
List the prime factors of 52335672.
2, 3, 23, 94811
What are the prime factors of 1470548198?
2, 7, 6143, 17099
What are the prime factors of 132909852?
2, 3, 11075821
List the prime factors of 287225216.
2, 59, 73, 521
List the prime factors of 20206412.
2, 5051603
What are the prime factors of 93671470?
2, 5, 41, 47, 4861
List the prime factors of 816453884.
2, 204113471
What are the prime factors of 2039522308?
2, 509880577
What are the prime factors of 1865211070?
2, 5, 37, 5041111
List the prime factors of 1551056661.
3, 7, 11, 433, 1723
What are the prime factors of 14718940?
2, 5, 17, 43291
List the prime factors of 256049851.
256049851
What are the prime factors of 2729433552?
2, 3, 23, 2472313
What are the prime factors of 153146689?
2887, 53047
What are the prime factors of 319745359?
1493, 214163
What are the prime factors of 3029181191?
19, 159430589
What are the prime factors of 50002813?
7, 19, 79, 4759
What are the prime factors of 774506025?
3, 5, 19, 23, 7877
List the prime factors of 104303263.
199, 557, 941
List the prime factors of 248167805.
5, 49633561
What are the prime factors of 941285349?
3, 104587261
List the prime factors of 38268872.
2, 23, 241, 863
List the prime factors of 441693038.
2, 19, 11623501
List the prime factors of 1073733231.
3, 357911077
What are the prime factors of 121102634?
2, 67, 903751
What are the prime factors of 2473731692?
2, 43, 3163, 4547
List the prime factors of 725891849.
725891849
List the prime factors of 57807713.
107, 523, 1033
List the prime factors of 236020934.
2, 47, 263, 9547
What are the prime factors of 208828801?
208828801
List the prime factors of 1582842686.
2, 791421343
List the prime factors of 2427854333.
19, 127781807
What are the prime factors of 93113082?
2, 3, 5172949
What are the prime factors of 1244147395?
5, 23, 73, 148201
What are the prime factors of 32120176?
2, 11, 47, 353
List the prime factors of 3070932311.
233, 359, 36713
List the prime factors of 70107663.
3, 19, 41, 131, 229
What are the prime factors of 2419982199?
3, 268886911
List the prime factors of 4490354.
2, 11, 204107
List the prime factors of 23408585.
5, 47, 99611
List the prime factors of 33605608.
2, 4200701
List the prime factors of 7887861700.
2, 5, 73, 379, 2851
List the prime factors of 1762501.
13, 10429
What are the prime factors of 292292138?
2, 53, 1163, 2371
List the prime factors of 75110238.
2, 3, 7, 85159
What are the prime factors of 2210089496?
2, 59, 389, 12037
What are the prime factors of 23911620?
2, 3, 5, 37, 10771
What are the prime factors of 3598921249?
7, 11, 43, 61, 103, 173
List the prime factors of 137669016.
2, 3, 31, 47, 127
List the prime factors of 72603827.
1721, 42187
What are the prime factors of 621943653?
3, 11903, 17417
List the prime factors of 1744585295.
5, 31, 131, 151, 569
What are the prime factors of 535015951?
535015951
List the prime factors of 196846253.
37, 5320169
What are the prime factors of 1071725957?
811, 1321487
List the prime factors of 13660252.
2, 23, 37, 4013
List the prime factors of 8147559575.
5, 19, 17152757
List the prime factors of 6189369037.
12071, 512747
List the prime factors of 850180989.
3, 7, 4271, 9479
List 